{"id":20459,"date":"2019-09-06T10:08:02","date_gmt":"2019-09-06T08:08:02","guid":{"rendered":"http:\/\/gclg.be\/?page_id=20459"},"modified":"2023-09-11T12:09:24","modified_gmt":"2023-09-11T10:09:24","slug":"newsletter","status":"publish","type":"page","link":"https:\/\/gclg.be\/index.php\/newsletter\/","title":{"rendered":"Newsletter"},"content":{"rendered":"<div class=\"fusion-fullwidth fullwidth-box fusion-builder-row-1 nonhundred-percent-fullwidth non-hundred-percent-height-scrolling\" style=\"background-color: rgba(255,255,255,0);background-position: center center;background-repeat: no-repeat;padding-top:0px;padding-right:30px;padding-bottom:0px;padding-left:30px;margin-bottom: 0px;margin-top: 0px;border-width: 0px 0px 0px 0px;border-color:#eae9e9;border-style:solid;\" ><div class=\"fusion-builder-row fusion-row\"><div class=\"fusion-layout-column fusion_builder_column fusion-builder-column-0 fusion_builder_column_1_1 1_1 fusion-one-full fusion-column-first fusion-column-last\" style=\"margin-top:15px;margin-bottom:15px;\"><div class=\"fusion-column-wrapper fusion-flex-column-wrapper-legacy\" style=\"background-position:left top;background-repeat:no-repeat;-webkit-background-size:cover;-moz-background-size:cover;-o-background-size:cover;background-size:cover;padding: 0px 0px 0px 0px;\"><div class=\"fusion-sep-clear\"><\/div><div class=\"fusion-separator fusion-full-width-sep\" style=\"margin-left: auto;margin-right: auto;width:100%;\"><\/div><div class=\"fusion-sep-clear\"><\/div><div class=\"fusion-sep-clear\"><\/div><div class=\"fusion-separator fusion-full-width-sep\" style=\"margin-left: auto;margin-right: auto;width:100%;\"><\/div><div class=\"fusion-sep-clear\"><\/div><iframe width=\"1050\" height=\"650\" src=\"https:\/\/sibforms.com\/serve\/MUIEANockMNsC9_UI0s-3X0Dl-xkXVHbNhfNXOsS7qzGcmFzFXSKQYXaMstrjACvyT9w1RznIDBrTetIiNzDsRLxtDdM7elIcsaDgQfqS2r2ExiGidGaLYZIF5TQEOYcA3wjPN6qGz5L1CRXKQdCH-EtOOj0sLM7Nw5D9tIgDISejvyMXkb1EIlR7kv2_g57oTfRB6PDWggYHmOr\" frameborder=\"0\" scrolling=\"auto\" allowfullscreen style=\"display: block;margin-left: auto;margin-right: auto;max-width: 100%;\"><\/iframe><!-- Begin Sendinblue Form --> \n<!-- START - We recommend to place the below code in head tag of your website html -->\n<style> @font-face { font-display: block; font-family: Roboto; src: url(https:\/\/assets.sendinblue.com\/font\/Roboto\/Latin\/normal\/normal\/7529907e9eaf8ebb5220c5f9850e3811.woff2) format(\"woff2\"), url(https:\/\/assets.sendinblue.com\/font\/Roboto\/Latin\/normal\/normal\/25c678feafdc175a70922a116c9be3e7.woff) format(\"woff\") } @font-face { font-display: fallback; font-family: Roboto; font-weight: 600; src: url(https:\/\/assets.sendinblue.com\/font\/Roboto\/Latin\/medium\/normal\/6e9caeeafb1f3491be3e32744bc30440.woff2) format(\"woff2\"), url(https:\/\/assets.sendinblue.com\/font\/Roboto\/Latin\/medium\/normal\/71501f0d8d5aa95960f6475d5487d4c2.woff) format(\"woff\") } @font-face { font-display: fallback; font-family: Roboto; font-weight: 700; src: url(https:\/\/assets.sendinblue.com\/font\/Roboto\/Latin\/bold\/normal\/3ef7cf158f310cf752d5ad08cd0e7e60.woff2) format(\"woff2\"), url(https:\/\/assets.sendinblue.com\/font\/Roboto\/Latin\/bold\/normal\/ece3a1d82f18b60bcce0211725c476aa.woff) format(\"woff\") } #sib-container input:-ms-input-placeholder { text-align: left; font-family: \"Helvetica\", sans-serif; color: #c0ccda; border-width: px; } #sib-container input::placeholder { text-align: left; font-family: \"Helvetica\", sans-serif; color: #c0ccda; border-width: px; } <\/style> <link rel=\"stylesheet\" href=\"https:\/\/assets.sendinblue.com\/component\/form\/2ef8d8058c0694a305b0.css\"><link rel=\"stylesheet\" href=\"https:\/\/assets.sendinblue.com\/component\/clickable\/b056d6397f4ba3108595.css\"><link rel=\"stylesheet\" href=\"https:\/\/assets.sendinblue.com\/component\/progress-indicator\/f86d65a4a9331c5e2851.css\"><link rel=\"stylesheet\" href=\"https:\/\/sibforms.com\/forms\/end-form\/build\/sib-styles.css\"> \n<!-- END - We recommend to place the above code in head tag of your website html -->\n\n<!-- START - We recommend to place the below code where you want the form in your website html --> \n<div class=\"sib-form\" style=\"text-align: center; background-color: #EFF2F7; \"> <div id=\"sib-form-container\" class=\"sib-form-container\"> <div id=\"error-message\" class=\"sib-form-message-panel\" style=\" font-size:16px; text-align:left; font-family:\"Helvetica\", sans-serif; color:#661d1d; background-color:#ffeded; border-radius:3px; border-width:px; border-color:#ff4949; max-width:540px; border-width:px;\"> <div class=\"sib-form-message-panel__text sib-form-message-panel__text--center\"> <svg viewBox=\"0 0 512 512\" class=\"sib-icon sib-notification__icon\"> <path d=\"M256 40c118.621 0 216 96.075 216 216 0 119.291-96.61 216-216 216-119.244 0-216-96.562-216-216 0-119.203 96.602-216 216-216m0-32C119.043 8 8 119.083 8 256c0 136.997 111.043 248 248 248s248-111.003 248-248C504 119.083 392.957 8 256 8zm-11.49 120h22.979c6.823 0 12.274 5.682 11.99 12.5l-7 168c-.268 6.428-5.556 11.5-11.99 11.5h-8.979c-6.433 0-11.722-5.073-11.99-11.5l-7-168c-.283-6.818 5.167-12.5 11.99-12.5zM256 340c-15.464 0-28 12.536-28 28s12.536 28 28 28 28-12.536 28-28-12.536-28-28-28z\" \/> <\/svg> <span class=\"sib-form-message-panel__inner-text\"> Votre d\u00e9sinscription n'a pas pu \u00eatre valid\u00e9e. Veuillez r\u00e9essayer. <\/span> <\/div> <\/div> <div><\/div> <div id=\"success-message\" class=\"sib-form-message-panel\" style=\" font-size:16px; text-align:left; font-family:\"Helvetica\", sans-serif; color:#085229; background-color:#e7faf0; border-radius:3px; border-width:px; border-color:#13ce66; max-width:540px; border-width:px;\"> <div class=\"sib-form-message-panel__text sib-form-message-panel__text--center\"> <svg viewBox=\"0 0 512 512\" class=\"sib-icon sib-notification__icon\"> <path d=\"M256 8C119.033 8 8 119.033 8 256s111.033 248 248 248 248-111.033 248-248S392.967 8 256 8zm0 464c-118.664 0-216-96.055-216-216 0-118.663 96.055-216 216-216 118.664 0 216 96.055 216 216 0 118.663-96.055 216-216 216zm141.63-274.961L217.15 376.071c-4.705 4.667-12.303 4.637-16.97-.068l-85.878-86.572c-4.667-4.705-4.637-12.303.068-16.97l8.52-8.451c4.705-4.667 12.303-4.637 16.97.068l68.976 69.533 163.441-162.13c4.705-4.667 12.303-4.637 16.97.068l8.451 8.52c4.668 4.705 4.637 12.303-.068 16.97z\" \/> <\/svg> <span class=\"sib-form-message-panel__inner-text\"> Votre d\u00e9sinscription a bien \u00e9t\u00e9 effectu\u00e9e. <\/span> <\/div> <\/div> <div><\/div> <div id=\"sib-container\" class=\"sib-container--large sib-container--vertical\" style=\" text-align:center; background-color:rgba(255,255,255,1); max-width:540px; border-radius:3px; border-width:1px; border-color:#C0CCD9; border-style:solid;\"> <form id=\"sib-form\" method=\"POST\" action=\"https:\/\/sibforms.com\/serve\/MUIEAO_tbRJu2Qslnord5rlk92l5Kz2OpiJAvOVk0jPVaGVk-zjg1n3PzCeLB7ZasUzUOPY6jIsqDwO3R6DLZKoN8GRetmJdG3rfrZJsG8t2k_7FNkxiyzLTHBPnlJgbJaE9jt1C9PE1zost65NbQ6ZDdKSwYPXCbXU6Cdkk_YQmrDIfBzx4ADkYtVBtRrYuosiaUTEdAJU2O1Mi\" data-type=\"unsubscription\"> <div style=\"padding: 16px 0;\"> <div class=\"sib-form-block\" style=\" font-size:32px; text-align:left; font-weight:700; font-family:\"Helvetica\", sans-serif; color:#3C4858; background-color:transparent; border-width:px;\"> <p>D\u00e9sinscription<\/p> <\/div> <\/div> <div style=\"padding: 16px 0;\"> <div class=\"sib-form-block\" style=\" font-size:16px; text-align:left; font-family:\"Helvetica\", sans-serif; color:#3C4858; background-color:transparent; border-width:px;\"> <div class=\"sib-text-form-block\"> <p>Cliquez sur \u00ab SE D\u00c9SINSCRIRE \u00bb pour cesser de recevoir des courriels des Grandes Conf\u00e9rences li\u00e9geoises sur cette adresse\u00a0:<\/p> <\/div> <\/div> <\/div> <div style=\"padding: 16px 0;\"> <div class=\"sib-input sib-form-block\"> <div class=\"form__entry entry_block\"> <div class=\"form__label-row \"> <label class=\"entry__label\" style=\" font-size:16px; text-align:left; font-weight:700; font-family:\"Helvetica\", sans-serif; color:#3c4858; border-width:px;\" for=\"EMAIL\" data-required=\"*\"> Veuillez renseigner votre adresse email pour vous d\u00e9sinscrire <\/label> <div class=\"entry__field\"> <input class=\"input\" maxlength=\"200\" type=\"email\" id=\"EMAIL\" name=\"EMAIL\" autocomplete=\"off\" placeholder=\"EMAIL\" data-required=\"true\" required \/> <\/div> <\/div> <label class=\"entry__error entry__error--primary\" style=\" font-size:16px; text-align:left; font-family:\"Helvetica\", sans-serif; color:#661d1d; background-color:#ffeded; border-radius:3px; border-width:px; border-color:#ff4949;\"> <\/label> <label class=\"entry__specification\" style=\" font-size:12px; text-align:left; font-family:\"Helvetica\", sans-serif; color:#8390A4; border-width:px;\"> Veuillez renseigner votre adresse email pour vous inscrire. Ex. : abc@xyz.com <\/label> <\/div> <\/div> <\/div> <div style=\"padding: 16px 0;\"> <div class=\"sib-form-block\" style=\"text-align: left\"> <button class=\"sib-form-block__button sib-form-block__button-with-loader\" style=\" font-size:16px; text-align:left; font-weight:700; font-family:\"Helvetica\", sans-serif; color:#FFFFFF; background-color:#066135; border-radius:3px; border-width:0px;\" form=\"sib-form\" type=\"submit\"> <svg class=\"icon clickable__icon progress-indicator__icon sib-hide-loader-icon\" viewBox=\"0 0 512 512\"> <path d=\"M460.116 373.846l-20.823-12.022c-5.541-3.199-7.54-10.159-4.663-15.874 30.137-59.886 28.343-131.652-5.386-189.946-33.641-58.394-94.896-95.833-161.827-99.676C261.028 55.961 256 50.751 256 44.352V20.309c0-6.904 5.808-12.337 12.703-11.982 83.556 4.306 160.163 50.864 202.11 123.677 42.063 72.696 44.079 162.316 6.031 236.832-3.14 6.148-10.75 8.461-16.728 5.01z\" \/> <\/svg> SE D\u00c9SINSCRIRE <\/button> <\/div> <\/div> <input type=\"text\" name=\"email_address_check\" value=\"\" class=\"input--hidden\"> <input type=\"hidden\" name=\"locale\" value=\"fr\"> <\/form> <\/div> <\/div> <\/div> <!-- END - We recommend to place the below code where you want the form in your website html --> <!-- START - We recommend to place the below code in footer or bottom of your website html --> <script> window.REQUIRED_CODE_ERROR_MESSAGE = 'Veuillez choisir un code pays'; window.EMAIL_INVALID_MESSAGE = window.SMS_INVALID_MESSAGE = \"Les informations que vous avez fournies ne sont pas valides. Veuillez v\u00e9rifier le format du champ et r\u00e9essayer.\"; window.REQUIRED_ERROR_MESSAGE = \"Vous devez renseigner ce champ. \"; window.GENERIC_INVALID_MESSAGE = \"Les informations que vous avez fournies ne sont pas valides. Veuillez v\u00e9rifier le format du champ et r\u00e9essayer.\"; window.translation = { common: { selectedList: '{quantity} liste s\u00e9lectionn\u00e9e', selectedLists: '{quantity} listes s\u00e9lectionn\u00e9es' } }; var AUTOHIDE = Boolean(0); <\/script> <script src=\"https:\/\/sibforms.com\/forms\/end-form\/build\/main.js\"> <\/script> <script src=\"https:\/\/www.google.com\/recaptcha\/api.js?hl=fr\"><\/script>\n<!-- END - We recommend to place the above code in footer or bottom of your website html -->\n<!-- End Sendinblue Form --><div class=\"fusion-sep-clear\"><\/div><div class=\"fusion-separator fusion-full-width-sep\" style=\"margin-left: auto;margin-right: auto;width:100%;\"><\/div><div class=\"fusion-sep-clear\"><\/div><div class=\"fusion-sep-clear\"><\/div><div class=\"fusion-separator fusion-full-width-sep\" style=\"margin-left: auto;margin-right: auto;width:100%;\"><\/div><div class=\"fusion-sep-clear\"><\/div><div class=\"fusion-clearfix\"><\/div><\/div><\/div><\/div><\/div>\n","protected":false},"excerpt":{"rendered":"","protected":false},"author":1,"featured_media":0,"parent":0,"menu_order":1,"comment_status":"closed","ping_status":"closed","template":"","meta":[],"yoast_head":"<!-- This site is optimized with the Yoast SEO plugin v15.0 - https:\/\/yoast.com\/wordpress\/plugins\/seo\/ -->\n<title>Newsletter - GCLG<\/title>\n<meta name=\"robots\" content=\"index, follow, max-snippet:-1, max-image-preview:large, max-video-preview:-1\" \/>\n<link rel=\"canonical\" href=\"https:\/\/gclg.be\/index.php\/newsletter\/\" \/>\n<meta property=\"og:locale\" content=\"fr_FR\" \/>\n<meta property=\"og:type\" content=\"article\" \/>\n<meta property=\"og:title\" content=\"Newsletter - GCLG\" \/>\n<meta property=\"og:url\" content=\"https:\/\/gclg.be\/index.php\/newsletter\/\" \/>\n<meta property=\"og:site_name\" content=\"GCLG\" \/>\n<meta property=\"article:modified_time\" content=\"2023-09-11T10:09:24+00:00\" \/>\n<meta name=\"twitter:card\" content=\"summary_large_image\" \/>\n<script type=\"application\/ld+json\" class=\"yoast-schema-graph\">{\"@context\":\"https:\/\/schema.org\",\"@graph\":[{\"@type\":\"WebSite\",\"@id\":\"https:\/\/gclg.be\/#website\",\"url\":\"https:\/\/gclg.be\/\",\"name\":\"GCLG\",\"description\":\"Des conf\\u00e9rences d&#039;exception\",\"potentialAction\":[{\"@type\":\"SearchAction\",\"target\":\"https:\/\/gclg.be\/?s={search_term_string}\",\"query-input\":\"required name=search_term_string\"}],\"inLanguage\":\"fr-FR\"},{\"@type\":\"WebPage\",\"@id\":\"https:\/\/gclg.be\/index.php\/newsletter\/#webpage\",\"url\":\"https:\/\/gclg.be\/index.php\/newsletter\/\",\"name\":\"Newsletter - GCLG\",\"isPartOf\":{\"@id\":\"https:\/\/gclg.be\/#website\"},\"datePublished\":\"2019-09-06T08:08:02+00:00\",\"dateModified\":\"2023-09-11T10:09:24+00:00\",\"inLanguage\":\"fr-FR\",\"potentialAction\":[{\"@type\":\"ReadAction\",\"target\":[\"https:\/\/gclg.be\/index.php\/newsletter\/\"]}]}]}<\/script>\n<!-- \/ Yoast SEO plugin. -->","_links":{"self":[{"href":"https:\/\/gclg.be\/index.php\/wp-json\/wp\/v2\/pages\/20459"}],"collection":[{"href":"https:\/\/gclg.be\/index.php\/wp-json\/wp\/v2\/pages"}],"about":[{"href":"https:\/\/gclg.be\/index.php\/wp-json\/wp\/v2\/types\/page"}],"author":[{"embeddable":true,"href":"https:\/\/gclg.be\/index.php\/wp-json\/wp\/v2\/users\/1"}],"replies":[{"embeddable":true,"href":"https:\/\/gclg.be\/index.php\/wp-json\/wp\/v2\/comments?post=20459"}],"version-history":[{"count":15,"href":"https:\/\/gclg.be\/index.php\/wp-json\/wp\/v2\/pages\/20459\/revisions"}],"predecessor-version":[{"id":22825,"href":"https:\/\/gclg.be\/index.php\/wp-json\/wp\/v2\/pages\/20459\/revisions\/22825"}],"wp:attachment":[{"href":"https:\/\/gclg.be\/index.php\/wp-json\/wp\/v2\/media?parent=20459"}],"curies":[{"name":"wp","href":"https:\/\/api.w.org\/{rel}","templated":true}]}}